0.
2, 5, 61, 818239
List the prime factors of 224121585.
3, 5, 14941439
What are the prime factors of 255541809?
3, 85180603
List the prime factors of 714032186.
2, 7, 107, 109, 4373
List the prime factors of 19009028.
2, 4752257
What are the prime factors of 1907127723?
3, 635709241
What are the prime factors of 2740110?
2, 3, 5, 149, 613
What are the prime factors of 964399330?
2, 5, 1931, 49943
What are the prime factors of 29656466?
2, 7, 17, 2543
List the prime factors of 3685676902.
2, 79, 2609, 8941
List the prime factors of 696052413.
3, 7, 3682817
What are the prime factors of 22053788?
2, 149, 37003
What are the prime factors of 63965212?
2, 15991303
What are the prime factors of 1142549032?
2, 61, 97, 24137
List the prime factors of 70914677.
751, 94427
List the prime factors of 2320999633.
83, 27963851
List the prime factors of 468137126.
2, 17, 367, 37517
What are the prime factors of 48453684?
2, 3, 4037807
What are the prime factors of 4883449427?
17, 287261731
List the prime factors of 459676433.
271, 1187, 1429
List the prime factors of 51250830.
2, 3, 5, 29, 58909
What are the prime factors of 3713461226?
2, 21751, 85363
What are the prime factors of 53644509?
3, 5960501
What are the prime factors of 5462616280?
2, 5, 11, 19, 73, 8951
What are the prime factors of 1252468?
2, 7, 41, 1091
What are the prime factors of 201029034?
2, 3, 113, 296503
What are the prime factors of 7600076735?
5, 1520015347
What are the prime factors of 121445152?
2, 23, 157, 1051
List the prime factors of 31430437.
67, 131, 3581
List the prime factors of 86654152.
2, 13, 53, 79, 199
List the prime factors of 532354485.
3, 5, 13, 181, 15083
What are the prime factors of 113730641?
1031, 110311
What are the prime factors of 165479505?
3, 5, 11031967
What are the prime factors of 94584318?
2, 3, 19, 829687
List the prime factors of 718349715.
3, 5, 1773703
What are the prime factors of 270134751?
3, 90044917
List the prime factors of 43963287.
3, 14654429
List the prime factors of 3251872.
2, 13, 7817
What are the prime factors of 13087326?
2, 3, 7, 311603
What are the prime factors of 1108047729?
3, 283, 1305121
What are the prime factors of 9349580?
2, 5, 467479
List the prime factors of 7405495095.
3, 5, 127, 3887399
What are the prime factors of 5379466?
2, 127, 21179
List the prime factors of 743500310.
2, 5, 7, 557, 19069
What are the prime factors of 802922894?
2, 1483, 270709
What are the prime factors of 1948478017?
491, 3968387
What are the prime factors of 918601214?
2, 7727, 59441
What are the prime factors of 84271113?
3, 31, 41, 53, 139
What are the prime factors of 319088592?
2, 3, 37, 19963
What are the prime factors of 43071777?
3, 7, 227893
List the prime factors of 3371798953.
4751, 709703
What are the prime factors of 1343242517?
97, 13847861
What are the prime factors of 500443242?
2, 3, 13, 19, 337681
List the prime factors of 6090033980.
2, 5, 769, 395971
What are the prime factors of 22295034?
2, 3, 89, 4639
List the prime factors of 748777002.
2, 3, 17, 7340951
What are the prime factors of 1635129752?
2, 37, 5524087
What are the prime factors of 683641624?
2, 1097, 77899
List the prime factors of 25013543.
25013543
List the prime factors of 207295386.
2, 3, 37, 281, 3323
What are the prime factors of 457138685?
5, 23, 47, 83, 1019
List the prime factors of 381546482.
2, 43, 4436587
List the prime factors of 943366713.
3, 7919, 39709
What are the prime factors of 586990985?
5, 7, 16771171
What are the prime factors of 99662296?
2, 17, 19, 38569
List the prime factors of 81238723.
81238723
List the prime factors of 45319700.
2, 5, 453197
What are the prime factors of 310233224?
2, 7, 41, 135119
What are the prime factors of 202664811?
3, 19, 1567, 2269
List the prime factors of 28211895.
3, 5, 41, 1699
What are the prime factors of 51237773?
151, 339323
List the prime factors of 66838970.
2, 5, 11, 607627
List the prime factors of 47563122.
2, 3, 101, 78487
What are the prime factors of 846393450?
2, 3, 5, 7, 17, 47417
What are the prime factors of 88242496?
2, 41, 33629
List the prime factors of 260876021.
7, 37268003
What are the prime factors of 92896042?
2, 46448021
List the prime factors of 223936500.
2, 3, 5, 337, 443
List the prime factors of 209679893.
4831, 43403
What are the prime factors of 7322304?
2, 3, 11, 3467
List the prime factors of 2807967047.
4759, 590033
List the prime factors of 255223886.
2, 3917, 32579
What are the prime factors of 71737982?
2, 59, 127, 4787
List the prime factors of 71174104.
2, 17, 577, 907
List the prime factors of 350154929.
2861, 122389
What are the prime factors of 38384249?
17, 137, 16481
List the prime factors of 261504157.
261504157
List the prime factors of 261269839.
37, 109, 64783
What are the prime factors of 432526188?
2, 3, 36043849
List the prime factors of 81288257.
81288257
List the prime factors of 974075071.
19, 51267109
List the prime factors of 97130598.
2, 3, 1787, 9059
List the prime factors of 32844575.
5, 23, 239
What are the prime factors of 2706849151?
41, 137, 223, 2161
What are the prime factors of 598219886?
2, 11, 2471983
What are the prime factors of 90821146?
2, 13, 3493121
What are the prime factors of 472702533?
3, 157567511
List the prime factors of 10531229.
10531229
What are the prime factors of 383852129?
17, 23, 53, 18523
What are the prime factors of 8399383660?
2, 5, 31, 263, 51511
List the prime factors of 465153854.
2, 11, 21143357
What are the prime factors of 452926024?
2, 277, 313, 653
List the prime factors of 1495025279.
11, 19, 2459, 2909
List the prime factors of 2931888256.
2, 11, 179, 11633
List the prime factors of 290788688.
2, 18174293
List the prime factors of 612035909.
2819, 217111
List the prime factors of 58320037.
757, 77041
What are the prime factors of 53073643?
7, 17, 31, 14387
List the prime factors of 137510506.
2, 7, 9822179
What are the prime factors of 675515607?
3, 13, 19, 89, 10243
What are the prime factors of 52741643?
6287, 8389
List the prime factors of 121057318.
2, 60528659
List the prime factors of 1233637822.
2, 616818911
List the prime factors of 1760693892.
2, 3, 199, 737309
List the prime factors of 112303392.
2, 3, 1169827
What are the prime factors of 2879043859?
4079, 705821
What are the prime factors of 387322620?
2, 3, 5, 6455377
List the prime factors of 75984029.
11, 41, 331, 509
What are the prime factors of 770534156?
2, 7, 41, 491, 1367
List the prime factors of 49543554.
2, 3, 8257259
What are the prime factors of 163809770?
2, 5, 719, 22783
What are the prime factors of 278707868?
2, 73, 137, 6967
List the prime factors of 2383267799.
11, 9929, 21821
List the prime factors of 547824471.
3, 29, 6296833
List the prime factors of 79303724.
2, 23, 861997
List the prime factors of 969033107.
7, 138433301
What are the prime factors of 1562785795?
5, 31, 761, 13249
What are the prime factors of 1541181181?
19, 81114799
What are the prime factors of 1183432365?
3, 5, 26298497
What are the prime factors of 114788927?
11, 97, 107581
List the prime factors of 65655738.
2, 3, 1215847
What are the prime factors of 703570953?
3, 67, 3500353
List the prime factors of 3197674726.
2, 7307, 218809
What are the prime factors of 3400854229?
3400854229
What are the prime factors of 534936368?
2, 33433523
List the prime factors of 114791169.
3, 2699, 14177
List the prime factors of 203624738.
2, 101812369
List the prime factors of 2234827779.
3, 191, 3900223
List the prime factors of 498268130.
2, 5, 17, 61, 48049
List the prime factors of 518179070.
2, 5, 51817907
List the prime factors of 1390193115.
3, 5, 137, 676493
What are the prime factors of 197023610?
2, 5, 7, 402089
What are the prime factors of 220394864?
2, 97, 142007
List the prime factors of 70055813.
2683, 26111
List the prime factors of 5195841437.
3697, 1405421
List the prime factors of 960907852.
2, 877, 273919
List the prime factors of 65514553.
13, 5039581
What are the prime factors of 922979993?
13, 43, 127, 13001
What are the prime factors of 194834501?
17, 41, 443, 631
What are the prime factors of 6230949051?
3, 197, 10543061
What are the prime factors of 38611609?
37, 1043557
What are the prime factors of 2576794180?
2, 5, 128839709
Li